f - 8 = -4*f - h, -5*h - 5 = 0. What is the remainder when k is divided by f?
8
Let j(t) = -13*t - 8. Calculate the remainder when j(-8) is divided by 14.
12
Suppose -3*o = 4*t - 67, -3*o = -5*t + 28 - 113. Calculate the remainder when 98 is divided by o.
23
Let v = 11 - -10. Suppose -c + 3 + 1 = 0. Suppose c*r - 55 = -r. What is the remainder when v is divided by r?
10
Suppose 0*s = 5*s - 4*d - 31, 2*s = -4*d + 18. What is the remainder when 32 is divided by s?
4
Suppose b = u - 3*u + 63, 4*u = 5*b - 385. Calculate the remainder when b is divided by 19.
16
Suppose -5*u + 415 = 5*z, 2*u - 198 = -3*z - 35. Let m(p) = 2*p**3 + 9*p**2 - 9*p - 30. Calculate the remainder when u is divided by m(-4).
20
Suppose -3*a = 5*b - 17, -3*b - 20 = -8*b. Let r(w) = 34*w**2. Calculate the remainder when r(a) is divided by 12.
10
Let b(c) = c**2 + 7*c + 9. Let a = -13 + 19. Calculate the remainder when a is divided by b(-6).
0
Suppose -33*p - 14 = -35*p. What is the remainder when 30 is divided by p?
2
Let s(v) = -2*v**3 + v**2 - 1. Suppose 0*h = -h + 2. Suppose 5*j + h = 3*l, 0 = 5*l - 4*j + 1 - 0. What is the remainder when s(l) is divided by 2?
0
Let d(g) = -4 + 0*g**2 + 5*g**2 + 3*g - g**3 + 0*g**2 - 2. Let p be -3*(0 - 5/3). Calculate the remainder when 26 is divided by d(p).
8
Let k = -3 + 11. What is the remainder when 20 is divided by k?
4
Let u(r) = 3*r**2 - r - 2. Suppose n - 5*n = 8. What is the remainder when 35 is divided by u(n)?
11
Let i(n) = -15*n**3. Calculate the remainder when 28 is divided by i(-1).
13
Let z(f) = 36*f - 39. Let l(i) = 18*i - 19. Let r(u) = 13*l(u) - 6*z(u). What is the remainder when r(6) is divided by 32?
31
Suppose 2 - 11 = -o. Suppose -q = -2*q + o. Calculate the remainder when q is divided by 3.
0
Let m(t) = 6*t**3 - t**2 - t. Suppose -4 = 2*f - 6*f, 4*f - 79 = -5*o. Calculate the remainder when m(2) is divided by o.
12
Suppose -t - 45 = -4*t. What is the remainder when 73 is divided by t?
13
Let m be 5*1 - (-8 + 9). Let r = 13 + m. What is the remainder when r is divided by 6?
5
Let s be 9/(-4) - 1/(-4). Let i(m) be the first derivative of m**3/3 - 3*m**2/2 - 3*m + 1. Calculate the remainder when 13 is divided by i(s).
6
Let n(r) = -7*r - 7. Calculate the remainder when 41 is divided by n(-2).
6
Suppose -2*a + 3*a = 4*o - 36, 0 = -3*a + 12. Calculate the remainder when 19 is divided by 12/30 - (-66)/o.
5
Let u(w) = -17*w - 5. Calculate the remainder when 95 is divided by u(-1).
11
Suppose z + 3*z + 20 = 3*f, 0 = -5*f - 2*z + 68. Suppose -18 = 2*p - 5*p. Let t = 13 - p. What is the remainder when f is divided by t?
5
Suppose 0 = -8*h + 149 - 21. Calculate the remainder when h is divided by 3.
1
Let n(z) = -z**2 - 8*z. What is the remainder when ((-2)/((-8)/5))/((-1)/(-28)) is divided by n(-6)?
11
Let q = -20 + 79. Suppose f - 10 = 10. What is the remainder when q is divided by f?
19
Let u = 6 + -4. Suppose -3*g + 0*g + u*x + 27 = 0, 3*g - 4*x - 27 = 0. Calculate the remainder when 15 is divided by g.
6
Let k = 2 - -51. Let h = 10 - -8. Calculate the remainder when k is divided by h.
17
Suppose -5*h + 3 = -4*h - 3*w, h - 19 = -w. Suppose 0 = 3*d - h, 5*d = 5*p - 29 + 79. Let c = p + 18. What is the remainder when 38 is divided by c?
12
Let i = -103 + 181. Let l = 139 - i. Calculate the remainder when l is divided by 16.
13
Let z(u) = u**2 - 7*u + 9. Suppose 7*g - 2*g = 5*o + 35, 3*o - 67 = -5*g. Let s = g + -7. What is the remainder when s is divided by z(6)?
1
Suppose -j + 3*j = g - 36, -j + 47 = 2*g. Let a(b) = 4*b + 1. What is the remainder when g is divided by a(2)?
8
Let o be 12/(-42) + (-46)/(-14). Suppose 0 = -a + 2*a - o*f - 12, -2*f + 4 = 0. What is the remainder when a is divided by 10?
8
Suppose -r + 0*w = -3*w - 17, 0 = -4*r + 3*w + 32. Let k(o) = 1 + o**2 + 7*o - 7 - 2*o**2. What is the remainder when 11 is divided by k(r)?
3
Suppose -3*k = v - 16, 7*v = -3*k + 4*v + 18. Suppose 950 = -5*t - 2330. What is the remainder when (-4)/18 - t/36 is divided by k?
3
Let z = 33 - 23. Suppose z = -0*f + f. Calculate the remainder when f is divided by 6.
4
Let z(t) = t**2 - t - 4. Let q be z(-2). What is the remainder when -39*(2 - 6/q) is divided by 20?
19
Let f = -5 - -17. Calculate the remainder when 46 is divided by f.
10
Suppose 12*y - 2*y = 200. Let m = -61 + 98. What is the remainder when m is divided by y?
17
Let l(c) = -c**3 + 6*c**2 - c + 3. What is the remainder when 90 is divided by l(4)?
28
Suppose -127 = -4*h - 3*m, -3*h + 7*h - m = 123. Calculate the remainder when 115 is divided by h.
22
Let b(t) = -t**3 - 4*t**2 + 4*t + 8. Calculate the remainder when 25 is divided by b(-5).
12
Suppose 0 = -2*s - 4*b + 34, 3*b + 7 = -3*s + 52. What is the remainder when -2*((-555)/10)/3 is divided by s?
11
Let a = 42 - 13. Calculate the remainder when a is divided by 15.
14
Let g(t) = t**2 + 5*t + 5. Let q be g(-5). Suppose 0*b = -b + o + 33, -q*b + 4*o = -162. Calculate the remainder when b is divided by 11.
8
Suppose 7*r - 2*r - 20 = 0. Let k be (4/8)/(1/6). Suppose k = r*h - 5. What is the remainder when 5 is divided by h?
1
Let i(d) = -d - 6. Let g be i(-5). Let t(c) = -c - 1. Let y(j) = 54*j + 63. Let p(k) = 126*t(k) + 2*y(k). What is the remainder when p(g) is divided by 10?
8
Let h = 0 + 2. Suppose 2*a + 6 = 24. Suppose 3*d = 4*d - 4*o + 11, 0 = d + o - a. What is the remainder when d is divided by h?
1
Suppose -4*a = -0*a - 32. Let s = -30 + a. Calculate the remainder when 17 is divided by s/2*-1 - 2.
8
Let s(f) = -f + 17. What is the remainder when 49 is divided by s(0)?
15
Suppose 4*h - 3*h + 23 = 5*m, 4*m = -4*h + 4. Suppose m*s - s + 2*g = 21, 4*s = -4*g + 24. What is the remainder when 15 is divided by s?
6
Suppose 5*w + 20 = 0, -33 = -b - 2*w + 7*w. Let s(r) = -r**3 - 7*r**2 + 17*r - 2. Calculate the remainder when b is divided by s(-9).
6
Let q(z) = z**2 - 16*z - 22. Calculate the remainder when q(18) is divided by 11.
3
Let s = 1 - 0. Suppose 4*p - s = 11. Suppose 3*k - 9 = -p. What is the remainder when k is divided by 1?
0
Let p(w) = w**3 - 14*w**2 + 13*w + 24. Suppose u - 5 = 4. Calculate the remainder when p(13) is divided by u.
6
Let j = -3 + 20. Suppose 3*q - 6 = -c, -q - q - 5*c = -j. Calculate the remainder when 3 is divided by q.
0
What is the remainder when 292 is divided by (-12)/(-3) + (1 - 1 - -38)?
40
Suppose -5*o - 9*o = -154. Let i(s) = s**3 - 6*s**2 + 4*s - 4. Calculate the remainder when i(6) is divided by o.
9
Let q = 4 + 5. What is the remainder when q is divided by 6?
3
Let l(d) = -2*d - 9. Let u be l(-7). Suppose u*q = 14 + 6. Suppose 66 = 5*c + 4*m, q*c - 25 - 28 = -3*m. What is the remainder when c is divided by 8?
6
Suppose -5*r + 2 = -8. Let g(i) = 8*i**2 + 2*i - 2. Calculate the remainder when g(r) is divided by 18.
16
Let u(c) = -2*c - 7. Let o be u(-7). Suppose o*v = 6*v + 47. Calculate the remainder when v is divided by 12.
11
Suppose 0 = 4*n + 3*m - 82 - 5, -4*n - 2*m + 82 = 0. Calculate the remainder when 71 is divided by n.
17
Suppose 1 + 1 = -5*p + h, -12 = -3*p + 5*h. Let x be (-1)/((-1)/(p + -9)). What is the remainder when 17 is divided by -15*(4/x + 0)?
5
Suppose -4*g + s = -15 - 36, -3 = -3*s. Let d = -4 + 6. Suppose -d*x + 18 = 2*u + 2*x, -u = 4*x - 13. What is the remainder when g is divided by u?
3
Let a(g) = g**3 + 8*g**2 + 10*g - 4. Let p be a(-5). Suppose k - p = -8. What is the remainder when k is divided by 4?
1
Suppose -2*f + 7 = -19. What is the remainder when 51 is divided by f?
12
Suppose 2*h + 4*u - 42 = 0, 0 = -5*h + 2*u - 3*u + 96. Suppose 4*b = 3*d - 230, 366 = 5*d - 5*b - h. What is the remainder when d is divided by 20?
18
Let a = 27 + 4. Let l = a + -21. Calculate the remainder when l is divided by 3 + (0 + -1)*-1.
2
Let x = 20 + -5. Calculate the remainder when 58 is divided by x.
13
Suppose 4*s - 39 - 41 = 0. Let d = 91 - 53. Calculate the remainder when d is divided by s.
18
Suppose -4*a - s - 9 + 47 = 0, -4*a + 3*s + 46 = 0. Let w(h) = 5*h - 48. What is the remainder when w(15) is divided by a?
7
Let c(b) = 10*b + 3. What is the remainder when (-265)/(-6) + (-2)/12 is divided by c(2)?
21
Let d = 22 + 7. Calculate the remainder when d is divided by 12.
5
Suppose 2*d = -79 - 5. What is the remainder when ((-10)/4)/(5/(-50)) is divided by (4